umber?
False
Suppose 4*t + 3515 = 5*b, -2*b - 5*t - 724 = -3*b. Is b a composite number?
True
Suppose 4*x + 5*j - 21 = 0, 2*x = -x + j - 8. Let l(c) = -59*c. Is l(x) prime?
True
Suppose 10*l - 5*l + 225 = 0. Is 167/5 - 27/l a prime number?
False
Suppose -49 = -2*a + 99. Suppose -2*d - 5*s + a = 0, -d = d + 2*s - 74. Is d prime?
True
Let a(h) = -h**2 - 11*h - 13. Let v be a(-9). Suppose 0 = v*r - 23 - 17. Suppose 3*x + 2*g = 231, 5*g = -2*x + 146 + r. Is x composite?
True
Suppose -12*j = 1253 - 3545. Is j prime?
True
Let w(l) = 2*l + 3. Suppose 3*a - 6 = 4*x, 2*x + 2 = 3*a - a. Let s(b) = -b - 2. Let m(z) = x*w(z) - 4*s(z). Is m(-7) a composite number?
False
Let t(z) = -z**3 + 3*z**2 - z - 2. Let w be t(2). Suppose 0 = p + 3*r, -2*r - r = -2*p + 9. Suppose w = 3*d, -4*j + p*j + 51 = -3*d. Is j composite?
True
Let h(n) = 16 - n - 5*n**2 - 3 + 0 + 10*n**2. Is h(9) a prime number?
True
Let m = -9 - -4. Let i(o) = -o**3 + o**2 + 4*o - 3. Let p be i(m). Suppose 5*c - p = 28. Is c prime?
True
Let i = 34 - 23. Let q = i + 81. Let m = 147 - q. Is m prime?
False
Is 753 + -1 + (10 + -1 - 6) a prime number?
False
Suppose 0 = -j - 5*d + 882, j + 4*d + 1834 = 3*j. Is j composite?
False
Suppose n + 32 = 1349. Is n a prime number?
False
Let a = 4 - 8. Let h be (1 + 1)/(a/(-8)). Suppose 2*o - h*v = 106, 0*o + 4*v - 189 = -3*o. Is o a composite number?
False
Let o = -4 - -5. Suppose -5*f = -o - 9. Suppose 30 = f*j - 40. Is j a composite number?
True
Is (-7)/(42/(-18)) + 295 a prime number?
False
Let y(c) = 5*c**3 - c**2 + 6*c + 3. Is y(4) composite?
False
Let w(t) = -t + 15. Let k be w(12). Suppose -2*i = -k*i + 37. Is i prime?
True
Let j(u) = -8*u - 13*u + 8*u + 4. Let q be j(-3). Let o = 80 - q. Is o prime?
True
Suppose 3*n = -4*m + 319, 5*n - 389 - 137 = -m. Let p = n + 6. Is ((-2)/(-3))/(2/p) prime?
True
Let a = 1572 - 665. Is a prime?
True
Let o(w) = 47*w - 5. Let z be o(5). Suppose 0 = -5*y - f - 4, -2*y - 2*y = 5*f + 20. Suppose -5*l + y*l + z = 0. Is l a composite number?
True
Let p(f) = 230*f + 3. Let v(m) = -919*m - 13. Let o(x) = -9*p(x) - 2*v(x). Let z be o(-1). Is 4/(-10) - z/(-15) prime?
False
Let h be 3884/8 + 2/(-4). Suppose 9*r - 4*r - h = 0. Is r prime?
True
Suppose 0 = -2*d - 8, -4*g - 4*d + 800 = -1132. Is g a composite number?
False
Let r = 18 - 18. Suppose r = d + 3*p - 293, -584 = -2*d - p - 4*p. Is d composite?
True
Let p be (1 - 50)*(-1 + 0). Let m = -30 + p. Is m a prime number?
True
Let g = 5 - 7. Let u be 2/3*(-57)/g. Let o = -4 + u. Is o composite?
True
Let b = 7 - 7. Suppose -4*z + 2*z + 422 = b. Is z a prime number?
True
Suppose -q + 43 = -3*z, 0 = 3*z + 3*q + 13 + 26. Suppose c - 11 = -2*k, 4*c - 35 = -k - 4*k. Let g = c - z. Is g a composite number?
False
Is (-2 - (-4 + 2)) + 3035 - 0 a composite number?
True
Is (24/(-9) - -2)/((-4)/5826) a prime number?
True
Is 3*1/(-6)*-542 prime?
True
Let g(k) = -5*k**2 + 2 + 4*k + 2*k + 5*k**2 - k**2. Let s be g(6). Suppose -s*j = -141 + 11. Is j composite?
True
Suppose 2*d = -2*d + 1000. Suppose -5*w + d = -o + 4*o, o = -5. Let s = 144 - w. Is s composite?
True
Let w be 14/(-3) + 4/(-12). Let z = 5 + w. Suppose z = -2*f - f + 105. Is f prime?
False
Suppose 2*v - 115 = -q, 3*v - 235 = -v + 3*q. Is v composite?
True
Let d(m) = -2*m**2 + 3*m**2 + 0*m**2 - 3 + 2. Let g be d(-1). Suppose g*i + a + 53 = i, 0 = a. Is i a prime number?
True
Suppose -2*p = -3 - 7. Let q be 32*((-195)/(-12))/p. Suppose 4*k - 26 = 3*k - 3*f, 0 = 4*k + f - q. Is k a prime number?
False
Suppose -2*l + 1457 = 2*p + 201, -3*l - 640 = -p. Is p composite?
False
Is (0 - 1227)*(-1 - -3)/(-6) composite?
False
Suppose 2*k - 7 = 3. Let d be (-12)/9*(-291)/2. Suppose 3*a - d = k*p, -6*a + 4*p + 132 = -4*a. Is a a composite number?
True
Is (-2)/((-12)/1724*(-2)/(-6)) composite?
True
Let w(f) = f + 2*f - f + 5*f**2 - 4. Let g be w(4). Suppose -2*o + 6*o = g. Is o composite?
True
Suppose u - 356 = 5*u. Let b = u - -142. Is b composite?
False
Let q = 20 - 18. Suppose q*b = 4*j + 5*b - 655, 3*j - 487 = 2*b. Is j a composite number?
False
Let h(t) = 10*t**3 + t**2 + 2*t - 12. Is h(5) composite?
True
Let l(g) = 104*g + 29. Is l(7) composite?
False
Suppose 2*f + 0*f = 432. Let l = -57 - f. Let p = -160 - l. Is p prime?
True
Let t = 1 + 1. Is (6/(-9))/(t/(-417)) prime?
True
Let s(f) = 398*f**2 + 2*f + 1. Let l = -1 + 0. Is s(l) composite?
False
Is ((-838)/(-6))/((-18)/(-54)) prime?
True
Let n(z) = 3*z + 2. Let x(y) = 10*y + 5. Let u(h) = -7*n(h) + 2*x(h). Let f be u(-6). Suppose k + 3*q - 11 = f*q, 5*q = -3*k + 29. Is k a composite number?
False
Let g be (-73)/4*(1 - 5). Let x = g - 36. Is x composite?
False
Is (-6)/(-3)*(-745)/(-10) composite?
False
Let f(m) = -133*m + 1. Is f(-2) prime?
False
Is (6/15)/((-4)/(-4870)) a prime number?
True
Let v be (-1)/(-2 + 1)*(7 + 42). Let h = 37 - 9. Let y = v - h. Is y prime?
False
Let w = -2522 + 4033. Is w a prime number?
True
Suppose -4*a + 2*a + 917 = r, -5*r + 5*a + 4600 = 0. Is r a composite number?
False
Let v = 968 - 321. Is v a composite number?
False
Let t(i) = i**2 + 14*i + 11. Is t(15) prime?
False
Let f(g) = 222*g**2 + 1. Is f(-2) a prime number?
False
Let y be 4/12 - 28/(-6). Suppose -2*k = 5*f + 42, y*k + 3 = 4*f + 30. Is (-59)/(-4) + 6/f a prime number?
False
Suppose 0 = -3*n + 4*n + 2*t - 1123, -2*n - 3*t = -2251. Is n a prime number?
False
Let t(m) = -m**3 + m**2 - m + 4. Let x be t(0). Suppose 5*g + 0*g = x*y + 277, g - 5*y - 68 = 0. Is g a prime number?
True
Let f(a) = -5*a**2 - 6*a - 4. Let c be f(14). Let t = -715 - c. Is t composite?
False
Is 1653 + -10 - 3*(-8)/(-6) a prime number?
False
Suppose -p - 3*r = 6 + 50, -3*r = -p - 50. Let v = p + -28. Let h = v - -134. Is h prime?
True
Suppose g + 22 = 3*g. Let k be (22/(-8))/(4/(-96)). Let o = k + g. Is o a composite number?
True
Suppose -267 = -12*m + 9*m. Let c = m + -34. Is c prime?
False
Let w be (-8)/(-3)*(-15)/(-10). Is (5/w)/((-1)/(-44)) a prime number?
False
Let w(s) = s**3 + 3*s**2 - s - 1. Let o be (4/(-6))/((-18)/(-81)). Let q be w(o). Is (1 - q) + (9 - -131) composite?
False
Let j = -4 - -7. Suppose 891 + 559 = j*x - a, 0 = -2*x - 2*a + 980. Is x/7 - 4/14 composite?
True
Suppose -3*h + 4*m + 465 = 0, -5*h + 159 = 4*m - 648. Is h a composite number?
True
Let u(z) = 13*z**2 - z + 1. Let w(d) = -d**2 + 8*d + 12. Let a be w(9). Is u(a) prime?
False
Suppose 2*p - 12 + 2 = 5*s, 4*s = -3*p + 61. Suppose -p = -5*n + q, 5*n - 12 = n - 4*q. Suppose -69 = -n*d - 0*d. Is d a prime number?
True
Let a(q) = 17*q + 9. Is a(5) a prime number?
False
Let l(d) = d**3 - 9*d**2 + 8*d - 4. Let m be l(8). Let n = 6 + m. Is (-148)/(-3) + n/(-6) prime?
False
Let b be (552/3)/1 - 1. Suppose -4*q = -5*q + b. Is q a composite number?
True
Let u = 2 + 2. Suppose 60 = 4*o + 4*c, -3*c = -o - u + 3. Is o composite?
False
Let p(l) = -l**2 + 19. Let t = -10 + 10. Is p(t) composite?
False
Let q(i) = -i - 17*i**3 + 0*i - 5*i**2 + 15*i + 5. Let n(y) = -6*y**3 - 2*y**2 + 5*y + 2. Let r(g) = 11*n(g) - 4*q(g). Is r(3) composite?
True
Suppose 6*k = 10*k - 1256. Is k composite?
True
Let y = -2 + 3. Let l be y*344 + -5 + 5. Suppose l = 4*c - s + 32, 4 = s. Is c a prime number?
True
Is (-4)/10 - (-13422)/30 a composite number?
True
Let j = 2627 + -1530. Is j a prime number?
True
Suppose -4*n - u + 1592 = 0, 2*n + 0*u = u + 790. Is n prime?
True
Suppose -792 = 5*z + u, 125 + 22 = -z - 4*u. Let w = z + 488. Is w composite?
True
Let c = 3 - -1. Is (2 - 174/c)*-2 a composite number?
False
Let m = 83 + 480. Is m a prime number?
True
Suppose -7*t = -3*t - 16. Let o(m) = 21*m**2 + 6*m - 6. Let h be o(t). Let r = h - 205. Is r prime?
True
Let t = 710 + 108. Suppose 4*z - t = -2*g, 3*g + 1 = -8. Let n = z - 57. Is n a composite number?
False
Let a(c) = -c**3 - 5*c**2 + c - 7. Let h(n) = n**2 - 5*n - 1. Let f be h(4). Let p be a(f). Is (-3)/2*632/p a prime number?
True
Let w(x) = -3*x**2 + 2*x**2 - x + 0*x - 4*x**3. Let n be w(-1). Suppose n*b = -4*t + 2*b + 378, -5*b + 375 = 4*t. Is t prime?
False
Suppose 0 = -t - t - 4. Let l be 2/t + -6 + 9. Is (-1)/1*(-16 + l) prime?
False
Suppose 5*n - 371 = 379. Let p = -107 + n. Is p a composite number?
False
Let n(q) = 2*q**2 - 4*q + 4. Let u(l) = -l**3 + 6*l**2 - 7*l + 5. Let v be u(5). Is n(v) prime?
False
Let z = 237 - -302